4*g + 0*g + 42 = 0, z = -3*g - 11. Let q = h + z. List the prime factors of q.
2, 17
Suppose 6*q - 205 - 209 = 0. List the prime factors of q.
3, 23
List the prime factors of ((-4)/(-6))/((-34863)/(-11619) - 3).
1291
Let g = 73 - 3. Suppose -f = f - g. Suppose 2*b - f = 31. List the prime factors of b.
3, 11
Suppose 34*k - 145450 = 19042. What are the prime factors of k?
2, 41, 59
Let c(y) = y - 2. Let l be c(0). Let n be ((-5)/(-5))/(1 + l). List the prime factors of (-29)/(-3)*(n + 4).
29
What are the prime factors of 670/(-6)*(-432)/120?
2, 3, 67
Suppose 5*t + 7416 = 13*t. Suppose 4*h = -5*h + t. What are the prime factors of h?
103
Let z be (-4)/(-6)*(5 - 2). Suppose 0*t + t + 13 = -5*f, 0 = -f - z. List the prime factors of ((-50)/(-4))/(t/(-6)).
5
Suppose r - d = 735, -4*r + 1311 = -2*d - 1623. List the prime factors of r.
2, 3, 61
Let c = -215 + 305. Let n = c - 1. What are the prime factors of n?
89
List the prime factors of 10 + (4 - 9) + 585*3.
2, 5, 11
Let a = -8 + 10. Let g be a/7 - (-141)/21. Suppose -g = -2*n + 7. What are the prime factors of n?
7
List the prime factors of 173/(8/18*(-12)/(-16)).
3, 173
Suppose 5*l + 0 = 10. Let o(v) = -v**3 + 12*v**2 + 11*v + 28. Let q be o(13). Suppose 5*p - 153 = l*j, q*j = -5*p - 2*j + 129. List the prime factors of p.
29
Let p = 49 + -45. Suppose 4*u - 136 = 5*o, -u - 68 = -3*u + p*o. What are the prime factors of u?
2, 17
Suppose -590 = -5*d + 605. List the prime factors of d.
239
Let s(w) = -w**3 + w**2 + 16*w + 43. List the prime factors of s(-4).
59
Suppose 0 = z - 2*y - 7, -5*y = -z + 12 - 2. Suppose -4*c - 12 = 0, 0*c + 51 = z*h + 3*c. What are the prime factors of (4 - 8/6)*h?
2
Suppose -67*y = -47*y - 13880. List the prime factors of y.
2, 347
Let g(m) = -4*m - 25. Let l be g(-7). Suppose 0 = l*u + 5*u - 664. What are the prime factors of u?
83
Let d = -14 - -23. Suppose 4 = p - d. Let f = p + -3. List the prime factors of f.
2, 5
Suppose 3*s = -2*o + 1210, 0 = 4*o + 5*s - 96 - 2324. List the prime factors of (-12)/48 + o/4.
151
Let u be 645/25 + (-2)/(-10). Let s = -16 + u. List the prime factors of s.
2, 5
Let y(f) = 7*f**2 - 8*f - 7. What are the prime factors of y(-8)?
5, 101
Suppose -n = -2*n + 68. Let g = n - 107. Let o = -22 - g. List the prime factors of o.
17
Let l(h) be the third derivative of h**6/120 - h**5/4 + 3*h**4/8 + 17*h**3/6 + 12*h**2. What are the prime factors of l(15)?
2, 19
Let z(k) = k + 18. Let p(j) = -j**2 - 5*j + 18. Let y be p(-8). What are the prime factors of z(y)?
2, 3
Let i be (-23 - -18)*4/(-5). Suppose -9 = -i*u + 99. Let n = u - -25. List the prime factors of n.
2, 13
Let t = -49 + 42. List the prime factors of 1097*(-1)/t - 40/(-140).
157
Suppose b = 2*b + 4*y + 43, 5*b = 3*y - 238. Let j be b/4 + 8/(-32). Let w(h) = h**2 + 9*h - 9. What are the prime factors of w(j)?
3
Suppose -7*v + 42 = -4*v. Let q = -9 + v. List the prime factors of q.
5
Suppose -2*f + 11 = 2*h - 3, -5*h - 7 = -2*f. Suppose -l + f*l = -2*w + 406, 229 = w - 4*l. List the prime factors of w.
3, 71
Suppose 2*q = 2*t + 2642, -5*q + 28*t - 29*t + 6617 = 0. What are the prime factors of q?
3, 7
Suppose -q + 478 = z, 0 = q + 4*q - 4*z - 2426. Suppose 5*l - f - 187 - q = 0, -3*l + 383 = 4*f. List the prime factors of l.
7, 19
Let f be (-4)/(-2 + 0/1). Suppose 4*w + f*a - 262 = 0, -3*a + 184 - 43 = 2*w. Let b = w - 45. What are the prime factors of b?
2, 3
Let c = 521 - -457. What are the prime factors of c?
2, 3, 163
Let i(j) = 2*j**3 - 20*j**2 + 16*j - 12. Let d be i(9). List the prime factors of ((-440)/60)/(2/d).
2, 5, 11
Suppose 4*f - 3517 = 5*q, 5*f - 9*f + 3520 = -4*q. List the prime factors of f.
883
Suppose 0 = -8*z + 3*z - 40. Let b = 2 + z. Let s = b - -19. What are the prime factors of s?
13
Suppose 5*t - 2*g = 3*g + 25, 4*g + 16 = 2*t. Suppose 0 = t*f - 4*f + 22. What are the prime factors of f?
11
Let z(v) = 20*v**2 + 8*v - 2. What are the prime factors of z(-7)?
2, 461
Suppose z - 6538 = -2*z - f, 3*z - 5*f = 6550. List the prime factors of z.
2, 5, 109
List the prime factors of 4/(-32) + (-37534)/(-112).
5, 67
Let y(k) = 5*k**3 + k**2 + k - 1. Suppose 8*r = 13*r - 10. What are the prime factors of y(r)?
3, 5
Suppose -11*b - 11*b = -2684. List the prime factors of b.
2, 61
Let s be 2/(-3) + 4635/27. List the prime factors of (-2)/(3*(-2)/s).
3, 19
Let y = -14 + 18. Suppose -w = 2*c - 317, -y*w - 7 + 27 = 0. What are the prime factors of c?
2, 3, 13
Suppose -3*v + 6*v = -5*l + 143, 0 = -4*l - 20. Suppose 2*d + v = 2*u, 5 = -u + 3*d + 33. Let x = -9 + u. List the prime factors of x.
19
List the prime factors of (-26)/91 + (-4020)/(-7).
2, 7, 41
Suppose -5*u - 40 = -3*a - 9, 5*a + u = 5. Suppose 5*h - 2*j + 5 = 0, -3*h - a = -j + 2. List the prime factors of 0 + 4*(4 + h).
2
Let s(c) be the second derivative of 22*c**3 + c**2/2 - 2*c. Let l be s(2). Suppose -2*v = 0, 5*k + v + 85 = l. What are the prime factors of k?
2, 3
Suppose -4*n - 30 = -3*k + 1, -3*n + 15 = 0. Let h(z) = 58*z + 299. Let a be h(-5). Let f = a + k. What are the prime factors of f?
2, 13
Suppose 2*y + 335 = -3*y. Let d be y/(10/6 - 2). List the prime factors of d/9 + 2/3.
23
List the prime factors of (-2)/((-10)/296*(-36)/(-90)).
2, 37
Let g(f) = 4 + 4*f + f + 0*f. Let y(k) = -6*k - 5. Let p(x) = -5*g(x) - 4*y(x). List the prime factors of p(-13).
13
What are the prime factors of (501 - 0) + 12 + -6 + -6?
3, 167
Let b(s) = -s - 22. Let h be b(-5). Let r = h - -82. What are the prime factors of r?
5, 13
Suppose 9794 = n + 4*n - g, 2*g + 7834 = 4*n. What are the prime factors of n?
3, 653
Let x(l) = l**3 + 10*l**2 + 2*l + 25. Let f be x(-10). Suppose -5*u + 266 = 3*k, -f*u + 0*u = 2*k - 269. List the prime factors of u.
5, 11
Let d(r) = r**3 + r**2 + 7*r - 15. List the prime factors of d(9).
2, 3, 11, 13
Let o be (-31)/(-7) - (-6)/(-14). Suppose 0 = o*t - 0*t + 2*j - 12, 0 = 3*t - 5*j + 17. Let l = t + 10. What are the prime factors of l?
11
Suppose -4*r + 17 + 3 = 0, r + 1219 = 4*q. List the prime factors of q.
2, 3, 17
What are the prime factors of (10/4 + -3)/(5/(-10950))?
3, 5, 73
Let y(v) = 2*v**2 - 5*v + 1. Let m be y(3). Suppose 224 = 4*n + s, 4*n - 96 = m*s + 128. List the prime factors of n.
2, 7
List the prime factors of 7/21 + 5/((-30)/(-4378)).
2, 5, 73
Let u(n) = n + 2. Suppose -4 = -5*h + 4*g + 19, 0 = 2*h + 3*g - 23. Let q be u(h). Suppose -7 = -2*c + q. List the prime factors of c.
2
Let f = 1620 - 41. List the prime factors of f.
1579
Suppose 10 = -5*w, -2*u = -5*u + 5*w + 22. Let o(m) be the second derivative of 5*m**3/2 - 5*m**2 + m. What are the prime factors of o(u)?
2, 5
Let p(q) = 0*q**2 - q**2 - 6*q - 1 - 5. Let f be p(-6). Let d = f + 8. List the prime factors of d.
2
Let n = 1706 - 2771. Let j = -727 - n. What are the prime factors of j?
2, 13
List the prime factors of (-54530)/(-123)*3/2.
5, 7, 19
Let w = 738 + -444. What are the prime factors of w?
2, 3, 7
Let d(s) = 9*s**3 - 9*s**2 - 2*s - 15. What are the prime factors of d(7)?
2617
Let s = -18 - -20. Suppose 0 = -2*a + c - s, a = -2*a - 3*c + 6. Suppose -d = -a*d - 29. List the prime factors of d.
29
Suppose 6*d - 674 + 260 = 0. What are the prime factors of d?
3, 23
Suppose 0 = -3*k - 4*z - 18, -5*k - 18 = 2*z + 26. Let y be 24/k*30/4. Let o = -9 - y. List the prime factors of o.
3
Let s(b) be the second derivative of 7*b**4/12 + 7*b**3/6 - 4*b**2 + 11*b. What are the prime factors of s(-7)?
2, 11, 13
Let r(g) = g**2 - 6*g - 4. Let v be r(6). Let y(s) = s**3 + 3*s**2 - 2*s + 2. Let q be y(v). What are the prime factors of -7 + 3 + 3 - q?
5
Let l be 2/8 - 14/(-8). Let z be 2*-3*l/(-6). What are the prime factors of 52/8*2*z?
2, 13
Let d(a) = -10*a**2 + 70*a + 2. Let v be d(7). Suppose -u - 5 = 3*i, 0 = 5*i - 0*i + 3*u + 3. List the prime factors of i + (33 - (v - 0)).
2, 7
Suppose 116*b + 101393 = 157*b. What are the prime factors of b?
2473
Let r = 83 + -47. Suppose r + 6 = -b. Let y = 60 + b. What are the prime factors of y?
2, 3
Let b = 7801 - 4555. What are the prime factors of b?
2, 3, 541
Let g(r) = 147*r + 17. Let q(l) = -98*l - 11. Let o(u) = -5*g(u) - 8*q(u). List the prime factors of o(1).
2, 13
Let a(y) = 2*y - 1. Let n be a(13). Let t = n + -8. Suppose -14 = -k + t. What are the prime factors of k?
31
Let y =